-2*o + 418 = 4*d, 0*d - 5*o = -2*d + p. Is d composite?
False
Suppose 2*i = 5*i - 36. Is 8/32 + 4581/i a prime number?
False
Let p(d) = 3*d**3 - 60*d**2 + 12*d + 19. Is p(20) prime?
False
Suppose 6 = 2*m + a, a + 0*a = 3*m - 9. Suppose -f - 12 = m*f, -4*f = -r + 14. Is r/(-6) - 462/(-9) composite?
True
Let o = 182 + 1835. Is o composite?
False
Suppose 4*v = 3*s + 646012, -3*s = -19*v + 24*v - 807515. Is v a composite number?
False
Let v(l) = 2255*l**3 - l**2 + 1. Let u be v(1). Suppose -2*q = 3*q - u. Is q a prime number?
False
Let r = -26285 - -37182. Is r prime?
False
Let a = -6574 + 13823. Is a a composite number?
True
Suppose -20 = -0*o - 2*o. Let z = -5 + o. Suppose -z*h = -272 - 173. Is h a composite number?
False
Is 2/16 + (-345969)/(-312) composite?
False
Let c(y) = y**3 + 9*y**2 - 2*y - 7. Let l be c(-8). Let x = -49 + l. Suppose x = 2*j - 18. Is j a prime number?
False
Let j be (3 + 2/(-1))*-2. Is (887/j)/((-4)/8) prime?
True
Suppose o = 6*o - 3505. Let c = -208 + o. Is c a composite number?
True
Let b = 157 + -153. Suppose -b*v = -9*v - a + 4265, 3*a = v - 853. Is v a composite number?
False
Let c(i) = 1006*i**3 + 10*i**2 - 12*i + 2. Is c(1) a prime number?
False
Suppose 0*r = -2*r + 10. Let s be (-7)/35 + 11/r. Suppose 4*q + 42 = 2*f, s*q - q = 1. Is f prime?
True
Suppose -38*m + 36*m + 58274 = 0. Is m a composite number?
False
Let w = 4 - -2. Suppose 3 + w = -t + 2*u, -t = -5*u + 18. Is 2*(t - 620/(-8)) composite?
False
Let l(u) = 168*u + 1. Let d be 12/20 - (-4)/10 - -5. Is l(d) a composite number?
False
Let q(v) = 35*v**3 - 2*v**2 - 6*v + 4. Let l be q(4). Suppose y - 5*y = 2*f + l, -2*f + 2717 = -5*y. Let n = -254 - y. Is n a prime number?
False
Suppose q = t - 1654, -3*q = 4*t - 4683 - 1912. Suppose 5*w - v = -0*w + t, -1312 = -4*w + 3*v. Is w composite?
False
Suppose 26*a - 42 = 20*a. Suppose -5*u = -y + 888, 4*y - 3*u + a*u = 3576. Is y a prime number?
False
Suppose 4*d = -0*d + 888. Suppose 2*u - s - d = s, -5*s - 323 = -3*u. Suppose v = -3*a - 2*a + u, -v + 136 = a. Is v a composite number?
True
Let m = 18826 + -165. Is m a composite number?
False
Let t = -14 + 12. Suppose -3*z + 8*z = 60. Is (3/t)/(z/(-3544)) a prime number?
True
Suppose 4*p - 17890 = -2*q, 3*q - 3*p - 4631 = 22177. Suppose 0*x + 7*x = q. Is x composite?
False
Let z = 133 + 158. Is z a prime number?
False
Suppose -4*c + 28243 = -z, -2*c + 3*c - 4*z - 7057 = 0. Is c a prime number?
False
Suppose 0 = h - 5*s - 26146 - 6923, -5*h + s = -165249. Is h composite?
False
Let z(v) = 182*v**2 - 29*v + 4. Is z(7) prime?
True
Suppose -9*p = 6028 - 37897. Is p prime?
True
Suppose -20204 = -4*b + 7544. Is b prime?
False
Suppose 23*i - 846181 = 123246. Is i composite?
True
Let n = -2420 + 5239. Is n a composite number?
False
Let p(f) = -f**3 - 13*f**2 - 11*f + 16. Let h be p(-12). Let y be (-9)/2*h/6. Is (-2 - y)/((-1)/(-299)) a composite number?
True
Suppose y - 4*y - 5*w = -58, -5*y + 84 = 2*w. Let b be 936/(-32)*y/(-3). Let o = b - 82. Is o a composite number?
True
Let g = -6086 + 10513. Is g composite?
True
Let v(s) = s + 5. Let o be v(-1). Is o/26 - (-1362339)/143 a prime number?
False
Let c = 2 - -1. Let r(v) = 403 + 12*v - 405 + 7*v. Is r(c) composite?
True
Is 1*(-9 - -8)*-8489 a composite number?
True
Let k(i) = -7*i - 61. Let h be k(-9). Suppose -5*j + 0*j - 1122 = -4*t, -560 = -h*t + 2*j. Is t a prime number?
False
Suppose -186217 = -275*x + 244*x. Is x prime?
True
Suppose 26 = 3*r - 247. Let z = r + 22. Is z a composite number?
False
Let f(b) = 2*b - 5. Let q be f(3). Let g be 3/q - (2 + -87). Let d = g - 30. Is d a composite number?
True
Let g be (-3)/(1*-1 - (-48)/44). Is (-358)/(-3)*(g/(-6) + -4) a prime number?
True
Let a = 69 - 182. Let h(z) = 33*z**3 - 3*z**2 + 2. Let c be h(2). Let v = a + c. Is v a composite number?
True
Let v(j) = -8*j - 133. Let f be v(-11). Let m be (-183)/(2/(-4) - 1). Let b = f + m. Is b a prime number?
False
Suppose 18578 = -4*z - 2*t, 3*t - 4637 = z + 2*t. Is (5/(-2) - -2)*z prime?
False
Let q(m) = 3 - 11 - m - 7. Let v be q(-11). Let u(l) = 50*l**2 + 3*l - 1. Is u(v) a composite number?
False
Let u be ((-4)/2)/((-6)/123). Let o = -25 + 9. Let q = o + u. Is q prime?
False
Let c(v) = -3*v**3 - 5*v**2 - 12*v - 6. Let o be c(-5). Let d = -185 + o. Is d composite?
True
Is (-1)/3*(-5337)/18*42 a composite number?
True
Let y be 10*(8/20 - 0). Let b be -3*(549 + (3 - y)). Let f = b + 2995. Is f composite?
True
Let h(d) = 1. Let x(u) = 13*u**2 + 6*u - 7. Let i(c) = 4*h(c) + x(c). Suppose -15*l + 45 = -45. Is i(l) a composite number?
True
Suppose 0 = -3*z + 12, 4*h + z + 137 = 549. Suppose -4*n - h = 354. Let p = n - -217. Is p composite?
False
Let i be ((-10)/4 + 2)/((-4)/88). Suppose 1872 = i*u - 6235. Is u a composite number?
True
Suppose 10709 = 5*d + 4*q - 12618, 3*d - 13986 = q. Is d composite?
False
Let y(t) = -1462*t**2 - 9*t + 9. Let f(g) = -731*g**2 - 5*g + 5. Let n(h) = 11*f(h) - 6*y(h). Is n(-2) a prime number?
True
Let a be (-2021)/(-5) + 16/20. Suppose 3*o - a = 2*g, 4*o - 370 = 4*g + 166. Suppose o = n - 74. Is n a prime number?
True
Suppose 0*t - 5*t + 3*l + 2895 = 0, -3*l + 561 = t. Suppose q - 1427 + t = 0. Is q composite?
True
Let s = -198 + -250. Suppose -1488 = 2*f - 3*b - b, -4*f = -5*b + 2979. Let c = s - f. Is c prime?
False
Suppose -4*b - 2*g = -16, b - 5*g = -3*g - 6. Let j be 219 - (8/b - 3). Suppose 4*p + 16 = 0, -229 = -5*w - 2*p + j. Is w a prime number?
False
Suppose 11*d + 14712 = 3*d. Let v = d + 4448. Is v a prime number?
True
Let j be 26/4 + 2 - (-3)/(-2). Let r(i) = 2*i**3 - 5*i**2 + 3*i - 15. Is r(j) prime?
False
Suppose 20*t = 25*t - 8470. Suppose -2*h - 3*s = -5*s - t, -5*s + 4275 = 5*h. Is h a prime number?
False
Let f = -86 - -216. Suppose -2*n - 6*u = -3*u - 128, 2*n = -2*u + f. Is 1/2*4 + n prime?
False
Is 3282/((-12)/(-6)) + -4 a prime number?
True
Suppose 19*m - 14*m = -3*o + 157400, 62939 = 2*m - 3*o. Is m a composite number?
False
Suppose -3*o = -4 - 2. Suppose -5*m - 219 = -3*d, 5*d - m - 32 - 333 = 0. Suppose -2*p = -0*z + o*z - 150, -z + p = -d. Is z a composite number?
True
Suppose 2*g = -2*v + 106624, -4*g + 4*v + 317288 = 104016. Is g a prime number?
False
Let f = 0 + 652. Suppose 5*v = -4*i + f, 3*i + 2*v - 342 - 147 = 0. Is i a prime number?
True
Let f(c) = -4*c - 34 + 37 + 3*c. Is f(-4) a composite number?
False
Let i = 155646 - 110815. Is i a composite number?
True
Suppose 44547 + 33677 = 3*q - 5*l, -l - 78208 = -3*q. Is q/70 + (-6)/(-10) a composite number?
False
Let z(g) = 19*g**3 + g**2 + 19*g - 67. Is z(6) prime?
False
Let o = 73 - 32. Suppose -7*z = -13*z + 516. Let u = o + z. Is u a prime number?
True
Let p(w) = 2*w + 32. Let a be p(-15). Is (44/(-55))/(144/(-70) + a) a prime number?
False
Let s(k) = k**2 - 5*k - 1. Let q be s(6). Let g(t) = -q*t + 2*t + 2*t - 10 - 4*t. Is g(-9) prime?
False
Suppose 3*v + 1809 = -2*h + 5106, -4948 = -3*h - 4*v. Let r = h - 2452. Is (r/(-6))/((-14)/(-21)) prime?
True
Let d(p) = p**2 - 8*p + 11. Let g be d(4). Is g*(3 - 2298/15) a prime number?
True
Let g = -9077 + 15142. Is g a prime number?
False
Let j = 17711 - -43508. Is j a prime number?
False
Suppose 3*z = 2*k - 7*k + 41033, -5*k - 5*z = -41025. Is k composite?
False
Let y(w) = 16*w**2 + 21*w - 48. Is y(-25) prime?
False
Let s be (5 - 8)*(-82)/(-3). Let y be (-55)/22*s/5. Let p = y - 22. Is p prime?
True
Suppose 0 = -3*j + 5*g - 15, -j - 2 = 3*g + 3. Is ((-1514)/10)/(j/25) composite?
False
Let a(y) be the third derivative of 5*y**4/12 + 3*y**3/2 - 46*y**2. Let g be 4/(-10) - 37/(-5). Is a(g) a prime number?
True
Suppose 4*c = -4*n - 0*n + 117408, -4*c + 5*n + 117381 = 0. Suppose -4*r + 13*r = c. Is r composite?
True
Let i be (-28)/(-4) - 1*(-1 + -1). Suppose -1697 = -i*k + 1282. Is k a composite number?
False
Suppose 46*s - 36 = 42*s. Suppose s*t - 2103 = 6*t. Is t a prime number?
True
Is 3/((-3)/894*-6 - 0) composite?
False
Suppose 13*w - 440717 = 86264. Is w a composite number?
True
Let t(a) = a - 2. Let q be t(7). Let m(p) = p**3 - 4*p**2 - 5*p + 4. Let z be m(q). Is -185*z/((-16)/4) a composite number?
True
Suppose -2*x + 2*f = 178, x - 12*f + 14*f = -95. Let s(p) = -6*p**2 - 5*p + 5. Let t be s(5). Let u = x - t. Is u a composite number?
False
Suppose 0 = -4*u + 17 + 7. Let v(y